 - -25306?
25311
In base 4, what is -3003123 - -203?
-3002320
In base 11, what is 2 - -a12?
a14
In base 3, what is -12 - 10202110120?
-10202110202
In base 5, what is 131 + -10014321?
-10014140
In base 4, what is 12 + 32113?
32131
In base 4, what is -3120020 - -121?
-3113233
In base 4, what is -200311110 - -2?
-200311102
In base 5, what is -3 + 20411?
20403
In base 9, what is 6551 + 2?
6553
In base 12, what is -b22a - 1?
-b22b
In base 14, what is -154 + 564d?
54d9
In base 13, what is 4 + 23463c?
234643
In base 12, what is 115b69 + 4?
115b71
In base 7, what is 364535 - 14?
364521
In base 8, what is 53475 + -330?
53145
In base 13, what is -1c + 1726c?
17250
In base 12, what is 24 + -3a2?
-37a
In base 8, what is 623100 - -4?
623104
In base 2, what is 10001111100111100111 - 0?
10001111100111100111
In base 3, what is 1101111012 - 21?
1101110221
In base 4, what is 31033303 + 3?
31033312
In base 15, what is -d7 + -971?
-a58
In base 10, what is 523 + -1598?
-1075
In base 2, what is 111111101001 + -100?
111111100101
In base 10, what is -82 - 582?
-664
In base 5, what is -13341134 + -11?
-13341200
In base 14, what is -2d1482 + 4?
-2d147c
In base 10, what is -1310 - -138?
-1172
In base 10, what is -1329 + 11?
-1318
In base 9, what is 246282 - 5?
246276
In base 15, what is -7d9 + -a?
-7e4
In base 3, what is 11 + -10212100000?
-10212022212
In base 15, what is 174 - -389?
50d
In base 15, what is -49cab + 4?
-49ca7
In base 10, what is 3353 - 0?
3353
In base 13, what is 1b + 4c89b?
4c8b9
In base 5, what is -1044000 + -13?
-1044013
In base 15, what is -127021 + 1?
-127020
In base 8, what is -5 + -204623?
-204630
In base 15, what is 8952 + 2?
8954
In base 14, what is 2 - -a10b?
a10d
In base 3, what is 1011120122 - 20200?
1011022222
In base 11, what is -5200 + -216?
-5416
In base 6, what is -32051 + -2345?
-34440
In base 15, what is 4 + -337d?
-3379
In base 7, what is 1 + 4104605?
4104606
In base 4, what is -1200 + -32322?
-100122
In base 12, what is -4 - -35a4?
35a0
In base 16, what is 46 + -1666?
-1620
In base 8, what is -15352211 + 4?
-15352205
In base 13, what is -5 + 9990?
9988
In base 12, what is 46572 + -2?
46570
In base 9, what is 2852 - -5?
2857
In base 11, what is 75a + -253?
507
In base 2, what is -100011110 + 1011101001?
111001011
In base 14, what is -3b - -8d5?
898
In base 7, what is -21230 - -2?
-21225
In base 13, what is -157 - 54?
-1ab
In base 13, what is 1c777c + 1?
1c7780
In base 2, what is 10001000010001 - -1000?
10001000011001
In base 13, what is -11 - -5265?
5254
In base 15, what is 4 + 24200?
24204
In base 3, what is 2 - -1111022210?
1111022212
In base 8, what is 6 - -42144?
42152
In base 6, what is 245345 + -2?
245343
In base 11, what is -16589 - -1?
-16588
In base 3, what is -101112001002 + 12?
-101112000220
In base 12, what is 2 + -20ab80?
-20ab7a
In base 10, what is 12 + 912?
924
In base 12, what is 2295 - ba?
2197
In base 6, what is 13435 - 32?
13403
In base 7, what is -13304301 + 3?
-13304265
In base 11, what is 977 - -7a?
a46
In base 13, what is -1896c1 - 2?
-1896c3
In base 15, what is 5 - 4c049?
-4c044
In base 11, what is -14a2820 + 2?
-14a2819
In base 12, what is 3 + 9593?
9596
In base 2, what is 1 + -1101011000111111?
-1101011000111110
In base 12, what is -52 - -25?
-29
In base 6, what is -11125321 + -5?
-11125330
In base 9, what is -203 - -2143?
1840
In base 14, what is 0 + -15d38?
-15d38
In base 15, what is -4 + -ee40?
-ee44
In base 3, what is 2000211111011 - -2?
2000211111020
In base 4, what is 1203220 + 212?
1210032
In base 9, what is -14507 + -3?
-14511
In base 14, what is -1bb2 - -173?
-1a3d
In base 6, what is 42 - -3232?
3314
In base 16, what is 5ab - -31?
5dc
In base 6, what is -112555 + -2?
-113001
In base 5, what is -2100341224 - 0?
-2100341224
In base 5, what is 3 + 132044222?
132044230
In base 14, what is 42334 + -3?
42331
In base 13, what is -4 - abb8b?
-abb92
In base 2, what is -101 + 11001110001001011100?
11001110001001010111
In base 6, what is 451100 - -3?
451103
In base 11, what is -57 + 8561?
8505
In base 5, what is 4 + 424243?
424302
In base 13, what is 37 - 147c?
-1445
In base 13, what is c9 - -130?
229
In base 4, what is 130331000 + 133?
130331133
In base 15, what is 1 + 1a0c7?
1a0c8
In base 3, what is -22110120 - -10002?
-22100111
In base 8, what is 1555 - -74?
1651
In base 13, what is -5 + 81b95?
81b90
In base 12, what is 0 + 13303b?
13303b
In base 6, what is 212 + -11321?
-11105
In base 4, what is 11003100100 + 1?
11003100101
In base 4, what is -232 + 311?
13
In base 13, what is -50 + 12405?
12385
In base 2, what is -10010100 - 1001011000?
-1011101100
In base 7, what is -10 + 14131?
14121
In base 9, what is -325466 - 0?
-325466
In base 4, what is -10030330112 - -11?
-10030330101
In base 9, what is 3 - -8407?
8411
In base 16, what is 1bc02 + 7?
1bc09
In base 10, what is 88 + 3493?
3581
In base 14, what is 109 + -76?
73
In base 8, what is 7764 - 67?
7675
In base 15, what is 24 + -488e?
-486a
In base 16, what is 2 - -1f57?
1f59
In base 7, what is 6 - 200305?
-200266
In base 7, what is 2 + 55143?
55145
In base 3, what is 10010121 - 210?
10002211
In base 10, what is -3 + 18980?
18977
In base 4, what is -13 + 123310?
123231
In base 12, what is b - -461?
470
In base 10, what is 2 - 1232129?
-1232127
In base 16, what is 2 + 7a33?
7a35
In base 13, what is -1087b + 86?
-107c5
In base 9, what is 8880581 - -2?
8880583
In base 11, what is -1568 - 30?
-1598
In base 10, what is -1 - 23269?
-23270
In base 9, what is 20777 - 215?
20562
In base 5, what is 1 - 320242?
-320241
In base 16, what is -1e + c86?
c68
In base 15, what is -165b + 16?
-1645
In base 9, what is 4 + 28228?
28233
In base 3, what is 112 + -11002000?
-11001111
In base 11, what is -66a - -47?
-623
In base 9, what is 3 + -146142?
-146138
In base 13, what is -47583 - -10?
-47573
In base 9, what is 1251371 + -5?
1251365
In base 2, what is -1 - -1011010001100011?
1011010001100010
In base 3, what is -21002 + 10111021?
10020012
In base 13, what is 504c + -2?
504a
In base 7, what is 26520 - 26?
26461
In base 8, what is 3 - 2254267?
-2254264
In base 2, what is 111101 + -110011000?
-101011011
In base 3, what is 111120000210 + 20?
111120001000
In base 11, what is -1a58 - -5?
-1a53
In base 10, what is 509 - 2286?
-1777
In base 11, what is 2454 + -140?
2314
In base 14, what is -1381 + -a?
-138b
In base 2, what is 1001 + -1?
1000
In base 13, what is 46650 + -2?
4664b
In base 5, what is -313411 - 1140?
-320101
In base 5, what is 21410 - 3212?
13143
In base 2, what is 100 - 110100100001100?
-110100100001000
In base 12, what is 1b078 + -5?
1b073
In base 6, what is 110 - 12245?
-12135
In base 12, what is -609419 - 3?
-609420
In base 11, what is -39337 + 2?
-39335
In base 16, what is de - -69?
147
In base 5, what is 22 + 304424?
310001
In base 4, what is 0 - 2322032020?
-2322032020
In base 5, what is 110222 - 0?
110222
In base 11, what is 7 - 3890?
-3884
In base 5, what is 201123 + 114?
201242
In base 11, what is -661a - -4?
-6616
In base 3, what is -120 + -2211?
-10101
In base 10, what is 22256 - 2?
22254
In base 2, what is 100100101100101 - -1001?
100100101101110
In base 7, what is 6 + 1141153?
1141162
In base 11, what is -7a06 - -53?
-7963
In base 9, what is 5 - 80480?
-80474
In base 9, what is -5 - -31225?
31220
In base 11, what is 13919 + -6?
13913
In base 3, what is 110001 + 120?
110121
In base 10, what is 81742 + -4?
81738
In base 16, what is 53 + -115?
-c2
In base 8, what is -103365 - 15?
-103402
In base 16, what is -3228f + 4?
-3228b
In base 5, what is 21033 - 14044?
1434
In base 16, what is 1 - 2788e?
-2788d
In base 8, what is 16657 + -2?
16655
In base 4, what is 30020 - 30?
23330
In base 6, what is -125233425 - -4?
-125233421
In base 8, what is 2 + -176243?
-176241
In base 10, what is -116956 - 13?
-116969
In base 8, what is -11134 - -14?
-11120
In base 8, what is 61433 - -5?
61440
In base 14, what is -3 - 216970?
-216973
In base 13, what is 14 + -18a09?
-189c5
In base 6, what is 204420 - 11?
204405
In base 9, what is 6858 + -4?
6854
In base 8, what is -27 - 502?
-531
In base 2, what is -1001100100 + -1011100?
-1011000000
In base 10, what is -349 + -2052?
-2401
In base 14, what is -2 - -71d65?
71d63
In base 16, what is 329 + 52?
37b
In base 14, what is b9 - -1b5